 11) to base 3
202010
-1012220001 (base 3) to base 16
-5da9
Convert -31 (base 15) to base 2.
-101110
What is -367 (base 14) in base 10?
-679
-1a3 (base 12) to base 7
-531
What is 360 (base 11) in base 15?
1d9
Convert 121213 (base 4) to base 3.
2020201
1472 (base 9) to base 15
4e8
What is 196 (base 16) in base 5?
3111
Convert -2044 (base 10) to base 12.
-1224
-2bd (base 16) to base 7
-2021
Convert -113344 (base 5) to base 4.
-1002000
Convert 489b (base 14) to base 12.
7409
Convert -113434 (base 5) to base 8.
-10224
What is 66850 (base 10) in base 9?
111627
Convert -2362 (base 7) to base 16.
-36d
What is 540c (base 13) in base 2?
10110110011001
Convert 2404442 (base 5) to base 2.
1010110101010100
What is -537 (base 10) in base 13?
-324
What is -110001010101 (base 2) in base 8?
-6125
What is -13210313 (base 4) in base 10?
-31031
Convert -20121212 (base 3) to base 12.
-2965
What is -11000010 (base 2) in base 15?
-ce
-2220021 (base 3) to base 7
-6106
What is -1336 (base 9) in base 10?
-1005
What is d2 (base 15) in base 14?
101
What is 1210 (base 6) in base 13?
198
20222 (base 3) to base 12
138
-ef8 (base 16) to base 8
-7370
Convert 24b9 (base 13) to base 10.
5222
-780 (base 12) to base 13
-66c
Convert -18a6 (base 11) to base 5.
-34130
What is 1ac5 (base 13) in base 2?
111111010000
What is -3013122 (base 4) in base 5?
-402022
Convert -5da (base 15) to base 4.
-110302
Convert -1305 (base 6) to base 14.
-197
3919 (base 13) to base 5
230014
Convert 2656 (base 12) to base 4.
1010202
-21152 (base 7) to base 11
-3a26
-1c5 (base 15) to base 9
-505
Convert -9b0 (base 13) to base 14.
-86c
10011001000001 (base 2) to base 9
14381
Convert -3386 (base 10) to base 16.
-d3a
Convert 1561 (base 11) to base 15.
8d8
287 (base 15) to base 4
21001
-9366 (base 11) to base 16
-307e
Convert -2220021120 (base 3) to base 14.
-16b22
What is -77c (base 16) in base 2?
-11101111100
What is 1214214 (base 5) in base 6?
254431
Convert 36014 (base 8) to base 4.
3300030
What is -661 (base 8) in base 4?
-12301
14120 (base 5) to base 14
5cc
-12c (base 14) to base 6
-1032
Convert 1332 (base 5) to base 14.
117
Convert -1110112211 (base 3) to base 7.
-150025
What is 747 (base 9) in base 12?
42a
Convert -16e8 (base 16) to base 3.
-22001012
What is 2343 (base 6) in base 12?
3b3
What is 112211 (base 6) in base 2?
10010101101111
What is -30101 (base 4) in base 13?
-485
-127 (base 14) to base 16
-e7
2c4b (base 13) to base 5
201420
What is 3c18 (base 13) in base 16?
21c0
Convert -6882 (base 9) to base 7.
-20600
-3122 (base 6) to base 5
-10243
Convert -479 (base 15) to base 14.
-526
Convert -45 (base 12) to base 16.
-35
What is 6a0 (base 11) in base 8?
1504
What is 6d34 (base 16) in base 13?
c956
21212121 (base 3) to base 11
4349
What is 15030 (base 6) in base 10?
2394
-36281 (base 10) to base 2
-1000110110111001
-554443 (base 6) to base 16
-b53b
What is -da4 (base 14) in base 15?
-be7
110022 (base 4) to base 8
2412
284 (base 10) to base 15
13e
Convert 241aa (base 12) to base 9.
73664
What is -348 (base 10) in base 16?
-15c
What is 5c2 (base 16) in base 4?
113002
Convert -13668 (base 9) to base 10.
-9296
1782 (base 15) to base 8
11720
Convert -11001110001101 (base 2) to base 8.
-31615
What is 1b44 (base 12) in base 7?
12544
What is 2450 (base 10) in base 4?
212102
What is -4b2 (base 12) in base 16?
-2c6
Convert 110221101 (base 3) to base 12.
5561
-24 (base 7) to base 10
-18
-644 (base 10) to base 2
-1010000100
What is -4042 (base 12) in base 10?
-6962
What is -36a6 (base 12) in base 8?
-14036
2306 (base 7) to base 15
3ae
What is 112322 (base 4) in base 11?
1113
10000111101000010 (base 2) to base 8
207502
Convert -13934 (base 12) to base 14.
-9d0c
What is 72 (base 10) in base 13?
57
Convert 112213 (base 4) to base 15.
667
Convert -7f8c (base 16) to base 2.
-111111110001100
-29997 (base 10) to base 7
-153312
Convert -172 (base 16) to base 4.
-11302
What is -1502 (base 10) in base 15?
-6a2
Convert 30510 (base 8) to base 3.
122022021
Convert -211251 (base 6) to base 4.
-10030033
What is -3879 (base 10) in base 12?
-22b3
-460 (base 9) to base 15
-1a3
Convert -52c (base 14) to base 8.
-1774
-14 (base 5) to base 16
-9
-d02 (base 14) to base 4
-213312
What is -779 (base 11) in base 6?
-4153
50145 (base 8) to base 9
31207
721 (base 13) to base 6
5334
What is 3011 (base 4) in base 5?
1242
Convert 5b5 (base 12) to base 5.
11412
Convert 6031 (base 8) to base 11.
2366
Convert -2281 (base 13) to base 16.
-12e5
Convert -102043 (base 5) to base 3.
-11122212
Convert -101121122 (base 3) to base 5.
-221424
Convert -190 (base 12) to base 15.
-11c
Convert 11000 (base 4) to base 12.
228
What is -1333320 (base 5) in base 6?
-330315
Convert 30101 (base 4) to base 11.
654
What is -1423213 (base 5) in base 2?
-111010001110000
Convert -d36c (base 16) to base 11.
-37734
Convert 2910a (base 11) to base 6.
515344
Convert -7530 (base 8) to base 6.
-30104
-77d (base 14) to base 16
-5cb
-10323 (base 4) to base 7
-630
What is e327 (base 15) in base 4?
23231122
Convert -11101000110 (base 2) to base 4.
-131012
11001101010011 (base 2) to base 6
140455
What is -4d0 (base 14) in base 9?
-1283
What is 31 (base 9) in base 5?
103
23399 (base 11) to base 15
9eeb
1069 (base 10) to base 6
4541
313021 (base 5) to base 13
495c
Convert -305 (base 13) to base 12.
-368
-12 (base 9) to base 6
-15
Convert 2590 (base 13) to base 9.
7311
What is 101111000110100 (base 2) in base 8?
57064
Convert 3 (base 10) to base 9.
3
1010 (base 6) to base 8
336
Convert -4161 (base 8) to base 13.
-ca3
What is -5102 (base 6) in base 15?
-4e8
What is -2524 (base 8) in base 6?
-10152
Convert -b0c7 (base 14) to base 9.
-45572
3325 (base 6) to base 3
1001122
2520 (base 7) to base 10
945
Convert 1001011 (base 2) to base 8.
113
Convert 1000010101011 (base 2) to base 16.
10ab
Convert -6352 (base 7) to base 6.
-14214
What is -235 (base 10) in base 16?
-eb
Convert -6246 (base 13) to base 6.
-142510
Convert 504 (base 6) to base 10.
184
What is 827b (base 15) in base 8?
65656
-2b6c (base 15) to base 3
-110210110
10110101111 (base 2) to base 9
1886
Convert -2554 (base 6) to base 9.
-787
What is -4584 (base 10) in base 9?
-6253
9a6 (base 13) to base 3
2021101
Convert -21a (base 14) to base 8.
-640
-1563 (base 11) to base 13
-bb3
Convert 57751 (base 8) to base 14.
8d3b
Convert 1277 (base 10) to base 13.
773
What is 12 (base 3) in base 11?
5
Convert 17779 (base 15) to base 11.
52066
What is 10011110010 (base 2) in base 12?
896
Convert 22034 (base 5) to base 2.
10111101111
Convert -7c (base 15) to base 2.
-1110101
-3457 (base 12) to base 15
-1ad7
What is 1102021110 (base 3) in base 4?
12303333
Convert -1111001000001 (base 2) to base 6.
-55505
Convert 609 (base 11) to base 7.
2100
Convert 12043 (base 11) to base 16.
43c6
Convert -308c (base 16) to base 5.
-344203
Convert -314555 (base 6) to base 13.
-b912
436 (base 9) to base 7
1020
What is -11040 (base 5) in base 6?
-3322
1c53b (base 13) to base 12
28378
What is -80 (base 14) in base 7?
-220
Convert -173 (base 16) to base 13.
-227
Convert 5335 (base 6) to base 3.
1122212
Convert 11012 (base 5) to base 6.
3301
What is -891 (base 11) in base 3?
-1110120
Convert 100014 (base 5) to base 4.
300332
What is 370 (base 11) in base 4?
12320
What is -11101000010 (base 2) in base 3?
-2112211
111a1 (base 12) to base 10
22729
-11315 (base 6) to base 4
-121133
-51 (base 11) to base 4
-320
Convert -133512 (base 6) to base 10.
-12500
Convert 12022 (base 3) to base 11.
120
What is 9a7 (base 13) in base 9?
2242
2c4 (base 15) to base 9
774
What is 3178a (base 11) in base 15?
da4e
Convert 182 (base 10) to base 3.
20202
What is -6a36 (base 13) in base 6?
-153021
What is a569 (base 12) in base 10?
18081
Convert -6b81 (base 12) to base 11.
-9064
What is -5001 (base 6) in base 9?
-1431
What is 10313 (base 4) in base 9?
375
What is -23322 (base 6) in base 10?
-3362
Convert -96 (base 11) to base 3.
-10220
What is -1625 (base 15) in base 4?
-1022120
What is -58333 (base 9) in base 14?
-10274
-251 (base 16) to base 7
-1505
-14a (base 16) to base 9
-406
What is 56863 (base 10) in base 16?
de1f
Convert -5150 (base 9) to base 6.
-25243
Convert -8180 (base 9) to base 4.
-1131201
What is -5215 (base 14) in base 9?
-21341
1187 (base 9) to base 14
477
What is 3